7
Suppose 3*w = -d + 11, -11 = -2*d - 2*d - w. Let c be ((-52)/(-16))/(d/(-16)). Let j = 44 + c. Calculate the greatest common divisor of j and 126.
18
Suppose 0*k - 7*k = -2401. Calculate the greatest common factor of 7 and k.
7
Suppose -9*j + m = -4*j - 58, 5*j = 4*m + 67. What is the greatest common factor of j and 209?
11
Let m = 14 - -1. Suppose 2*i = 4*w - i - 21, -i = 3. Suppose -c - 7 = -w*l + l, 0 = c - l + 2. Calculate the greatest common factor of c and m.
3
Suppose s + 15 = 4*s. Suppose t = -2*t - 2*v + 4, 0 = s*t + v - 9. Suppose 4*b + t*c = 4, 4*c - 1 - 2 = -3*b. Calculate the greatest common divisor of 5 and b.
1
Suppose 17*q - 768 - 31872 = 0. Calculate the highest common factor of q and 24.
24
Suppose 127 + 113 = 15*b. Calculate the highest common divisor of 40 and b.
8
Let d be 4060/6 + (595/(-51))/7. What is the greatest common divisor of 540 and d?
135
Let c be 8/10*(-2115)/(-18). What is the greatest common divisor of 4 and c?
2
Suppose 728 = 13*r + r. Calculate the greatest common factor of 624 and r.
52
Let a(z) = -16*z**2 + z**3 - 20 - 16*z - 22*z + 7*z - 15*z**2. Let n be a(32). Calculate the highest common divisor of n and 30.
6
Let i(w) = 4*w - 8. Let s be i(11). Suppose -2*c + 5*c = s. Calculate the highest common divisor of 4 and c.
4
Let s = 59 - 62. Let m = 5 - s. What is the highest common divisor of m and 12?
4
Let a(s) = -4*s**2 + 2*s + 1. Let q be a(3). Let g = q + 5. Let w = -18 - g. Calculate the highest common divisor of 48 and w.
6
Let q be (6 + (-84)/15)/(2/470). What is the highest common factor of 235 and q?
47
Let a(s) = s**3 - 4*s**2 + s - 1. Let w be a(4). Suppose -5 - w = 2*n. Let z be (-2)/n + 138/4. What is the highest common divisor of 5 and z?
5
Let a(v) = 2*v - 9. Let b be a(12). Let f be 3/(b/6 - 1). Suppose 0*z - f*z = -112. Calculate the greatest common factor of z and 7.
7
Let d(c) = -42*c**3 + c**2 + 4*c + 1. Let s be d(-2). Calculate the greatest common divisor of s and 74.
37
Let i be (-38)/3*14469/(-91). Calculate the greatest common factor of 106 and i.
106
Let o(v) = 8*v**2 + 23*v + 94. Let b be o(-7). Calculate the greatest common factor of b and 13.
13
Let q = 1 - -11. Let t be 8/(-48) + 26/q. Suppose 0*h - t*h = -30. Calculate the greatest common factor of 75 and h.
15
Suppose -3*q - 4*p = -1139, 9*q + p + 774 = 11*q. What is the greatest common factor of q and 154?
77
Suppose -w + 18 = 2*i, 2*w - 20 = -0*w + 4*i. Let r = w + -10. Let u(f) = f**2 + 4*f - 6. Let q be u(-6). Calculate the highest common factor of r and q.
2
Suppose -7*o + 8*o = -3*v + 939, -5*o - 957 = -3*v. Let c = v + -160. What is the highest common divisor of c and 14?
14
Let i = -8 - -9. Let s be -1*i - (9 - 23). Let g = s + 6. Calculate the greatest common factor of 95 and g.
19
Let l be (-4)/(-6)*2*18/24. Let a(u) = u**2 + 2*u - 2. Let s be a(1). Calculate the highest common divisor of l and s.
1
Let y(t) = 3*t**3 - 2*t**2 + 2*t - 1. Let k be y(1). Let p(s) = 2*s**3 + s**2 - 5*s + 1. Let o be p(k). What is the highest common divisor of o and 44?
11
Let l = -13 + -3. Let c = 19 + l. Let w(z) = 73*z + 6. Let s be w(c). What is the highest common divisor of s and 25?
25
Let d = -44 + 86. Suppose c = 4*o - 21 - 25, 3*c + d = 4*o. Let s be (-4 + 7 + -4)*-2. Calculate the greatest common factor of s and o.
2
Let n = 13 - -111. Suppose 121*d - n*d = -9. What is the highest common factor of d and 12?
3
Let b(y) = 40*y + 77. Let p be b(0). What is the greatest common factor of p and 143?
11
Suppose 511*x = 510*x + 8. Calculate the highest common divisor of x and 184.
8
Let l(s) = -5*s**2 + 67*s + 8. Let v be l(11). Calculate the highest common divisor of v and 112.
28
Suppose 388*k - 648 = 384*k. What is the greatest common divisor of k and 72?
18
Let o be (3 - -3 - 3) + 2. Let t = o - 3. Suppose -5*v + 24 = -3*c, 2*c + 12 = -t*c. Calculate the highest common divisor of v and 24.
3
Let f be 12/42 - (-75)/7. Suppose w = 3*m - 4*w - 94, 2*w = 2. Calculate the highest common factor of f and m.
11
Let t be (2 + -1 - -107) + 0. Let n(j) = -j**3 + 4*j**2 + 8*j - 3. Let w = -8 - -13. Let z be n(w). Calculate the highest common factor of z and t.
12
Suppose 5*q = 2*q + 18. Let t(y) = y**3 - 4*y**2 - 6*y + 7. Let o be t(q). Calculate the greatest common factor of o and 86.
43
Let k = 179 - 59. What is the greatest common divisor of 390 and k?
30
Suppose -6*u + 1441 + 1823 = 0. What is the greatest common divisor of u and 16?
16
Let s(g) = -98*g - 214. Let c be s(-5). What is the highest common factor of 345 and c?
69
Let p be (-10)/105 + (-45705)/(-315). Let x = 27 + 0. Suppose 205 = 4*d - x. Calculate the highest common divisor of d and p.
29
Suppose -3 = -w + 2. Let l = w + -1. Let i be 84*(2/(-4))/((-6)/4). What is the greatest common factor of l and i?
4
Let u(i) = -i**3 - 8*i**2 - 11*i - 6. Let y be u(-5). Let w = 46 + y. What is the greatest common divisor of 60 and w?
20
Let v(g) = 56*g - 11. Let n be v(9). Calculate the highest common divisor of n and 17.
17
Let z = 363 - 348. Calculate the highest common factor of 3150 and z.
15
Suppose 16*d + 90 = 18*d. Let k = -4 - -7. Suppose k*h - 22 = 5. What is the greatest common factor of h and d?
9
Suppose 0 = m - 3*m + 116. Suppose 2*t - m = 26. Suppose -2*h - 5*j = -t, 3*h + 3*j - 70 = -h. What is the highest common factor of h and 4?
4
Suppose -2*f = 5*a - 148, 6*a - 160 = a - 5*f. Suppose 3*k - a = 107. Let s(g) = g**2 + g - 3. Let c be s(-4). What is the greatest common factor of k and c?
9
Let g(q) = -q - 8. Let o be g(-9). Let c = -210 - -213. What is the greatest common divisor of o and c?
1
Let h be (17 - 0) + (-3 + -3)/3. Suppose -18*t + 105 = -h*t. Calculate the highest common divisor of t and 28.
7
Let d(m) = 67*m - 99. Let j be d(5). What is the highest common divisor of j and 4?
4
Suppose 63 = -5*o + 183. Suppose 2*g + o = 38. Calculate the greatest common divisor of 1 and g.
1
Let v(i) = -i - 3. Let q be v(-8). Suppose -2*j - 33 = -q*j. Suppose j = -4*x - 3*y, x + 4*y - y = -14. What is the highest common divisor of x and 3?
1
Suppose 145*o + 24 = 146*o. Calculate the greatest common factor of o and 24.
24
Let m = 559 - 415. Calculate the greatest common factor of 192 and m.
48
Let p be ((-12)/(-5))/1 - (-37 - (-4800)/125). Suppose 0 = 5*q + 2*b - 27, 4*b + 39 = 5*q + 3*b. What is the greatest common factor of q and p?
1
Let f be (-4)/3*3*111/(-12). What is the greatest common divisor of f and 37?
37
Suppose -6*t + t = -5*q - 365, -5*t + 4*q + 368 = 0. Calculate the greatest common factor of 4 and t.
4
Suppose 20647 - 88182 = -5*o. Let l be o/65 - (-4)/(-5). What is the highest common factor of 23 and l?
23
Let g = -15 - -18. Let v be (1/1)/(-4 - 65/(-15)). Calculate the highest common divisor of v and g.
3
Let n(s) = -2*s**2 - 93*s + 146. Let p be n(-48). Calculate the greatest common factor of p and 18.
2
Let o(b) = -b - 2. Let k be o(-3). Let a = -456 - -463. What is the highest common divisor of k and a?
1
Let m be -1*146/(-12) - 3/18. Let j be (-10 - -3)*120/(-14). What is the greatest common factor of j and m?
12
Let h be 11 + 0 + (-1)/(-1). Let q = 179 + -131. Calculate the greatest common factor of h and q.
12
Let p = -55 - -110. What is the greatest common factor of p and 10?
5
Suppose x - 4*c = 319, -3*x + 626 = -x + 4*c. Suppose -4*o = -9*o + x. What is the highest common divisor of o and 21?
21
Suppose 3*t - 4*s + 37 = -16, 3*s - 48 = 3*t. Let o be 2 - 16/4*t. Suppose -j = 5*q - o, -q + 14 = 2*q + 4*j. Calculate the greatest common factor of q and 70.
10
Let r be (-8)/8 + (12 - -3). Suppose 4*y - 7 = 21. Let z be (-5)/(0 + (-1)/y). Calculate the greatest common factor of z and r.
7
Let l = 27 - 23. Let b be 1*l + (7 - -39). Calculate the highest common factor of 75 and b.
25
Suppose 26*m = 8637 + 749. Calculate the highest common factor of m and 19.
19
Suppose h + 4*h + 25 = 0, 0 = -4*w - 5*h - 5. Let p(s) = -18*s - 34. Let g be p(-3). What is the greatest common divisor of g and w?
5
Suppose -508 = -4*g + 5*g. Let j = g - -728. Calculate the greatest common factor of 22 and j.
22
Let q be (-7 - (10 - 16))*-74. What is the highest common factor of 2 and q?
2
Suppose 0 = -2*u - 5*q + 81, 3*u + 5*q = 114 + 15. Suppose w = 5*w - u. What is the gre